 0) + (-14 - -5)).
-39
(43 - 68) + 46 + -6
15
What is the value of 94 + 4 + -62 + 8?
44
Evaluate 18 + 2 + (-35 - (10 + -43)) + (-7 - -1).
12
What is -31 + 13 + -10 + -3 + -24 + -14?
-69
Evaluate 48 + (0 + 3 - 2) + -4 - (-3 - -5).
43
(-7 + 9 - -2) + -5 + 26 + 27
52
What is the value of (56 - (17 - 5)) + -87?
-43
Calculate (-47 - 1) + (-11 + 19 - 50 - -47).
-43
What is (35 - (-44 + -19)) + -3 + -25?
70
What is 73 - (13 - (-2 + 9 + (7 - 13) + 11))?
72
What is the value of 73 + -303 - -114 - -12?
-104
What is -2 + -78 + -423 + 552?
49
What is -6 + (5 - 4) + (-20 - -15) + 31 - 11?
10
What is -77 + (-31 - (-42 + 17)) + 4?
-79
What is the value of (5 + 5 - 13) + 29 + 34?
60
2529 - 2502 - (20 + -2)
9
Evaluate -25 + 7 + -9 + -1 + -186 + 193.
-21
6 + -79 + (26 - 13) + 0 + 0 + -3
-63
What is (2450 - 2396) + 5 + -56?
3
Evaluate -439 - -462 - (57 - (5 + -4)).
-33
What is (67 - -4) + -2 + -32 + 29 + 5 + -6?
65
What is the value of (5 - 18) + (-9 - 33 - -52)?
-3
What is the value of (-24 - (-75 + -4)) + -140?
-85
What is -14 + (61 - (126 + -68))?
-11
Evaluate 67 + (146 + -94 - 91).
28
-35 + 48 + (16 - 71) - -30
-12
What is the value of -3 + 2 - (-40 - -55 - -28)?
-44
Calculate (13 - 36) + 23 + -4 + 20.
16
9 + (-4 - -13 - -57 - (8 - (15 + -15)))
67
What is 52 + (-48 - -7) - ((0 - 7) + -1) - -10?
29
Calculate 2 - -1 - 8 - (-171 + (266 - 223)).
123
(23 - 0) + (-35 - (-47 - -21)) + -13
1
Calculate -5 - (5 + -18) - (-2 + 5 - 14 - -66).
-47
What is (39 - (-1 + -5 + 2)) + 42 + (-63 - -26)?
48
Calculate 65 - 100 - (-2 + -4 + -7).
-22
What is 78 + -33 + 9 + -73?
-19
Calculate (-6 - (-1 + 0)) + -299 + 313 - -28.
37
What is the value of -71 + 179 + -16 + -103?
-11
What is -76 + 187 + -122 + (0 - -92)?
81
What is -2 + (2 - -13) + -21 - (-32 - (6 + 0))?
30
What is the value of ((18 - -5) + -13 - (-6 + 11 - -6)) + 2?
1
What is -7 + 2 + -3 - (-67 - -61 - -20)?
-22
What is (-19 - -95 - 231) + 77?
-78
-42 + (-24 + 12 - -28 - (19 + -5 + -5))
-35
Calculate 0 + (1 - (10 + -20) - -8) - 21.
-2
1324 + -1395 + 208 + 2
139
-2192 + 2200 + -3 + -8 + -2 + -3
-8
Evaluate 160 + -8 + (42 - -7) + -52 + (0 - 11).
138
Calculate (-138 - -28) + 3 - (-6 - (-1 + (4 - -5))).
-93
Calculate (-1 + 16 - (-77 - (-3 + -76))) + -28.
-15
-8 + (1 + 7 - (37 + -67)) + 13
43
Calculate 42 + (-34 - (1 - -1) - -13).
19
What is -3 + (2 - 2) + -79 + 109 + -40?
-13
Evaluate (7 - -11 - 32 - 3) + -40.
-57
What is 6 + 1 + (-19 - -20) + (0 - -60 - -4)?
72
What is the value of 11 - (7 + -47) - (-18 + 29)?
40
Calculate 2 - 3 - (-4 + 55 + -20).
-32
What is -215 - -204 - (-3 + -2 + 2 - -40)?
-48
What is -12 + (11 + -7 - -12) + 11?
15
Evaluate 54 + (3 - 6) + -24 + (-5 + -8 - -25).
39
Evaluate -58 - ((-40 - 127) + 35).
74
Calculate 6 - ((-2 - 28 - -35) + -28).
29
What is the value of 9 + -3 + 0 + 5 + 5631 + -5574?
68
29 + -140 + 75 + (6 - (1 + -1 - -1))
-31
Evaluate 35 - (36 - 29 - -23) - (-2 + -68 + 0).
75
What is 2 - (-1 - -2) - (-23 + (-8 + 15 - -83))?
-66
(-18 - (17 - 25)) + (0 - -4 - 9)
-15
Calculate (-73 - -7) + 88 + -84 + (1 - 11).
-72
Evaluate -12 - (29 + (5 - 7)).
-39
(5 - 2) + -16 + 12 + (229 - 180)
48
What is the value of -9 - -4 - 93 - (-47 - (42 - 76))?
-85
What is -27 + 12 + (0 - (20 + -36) - -24)?
25
What is the value of -44 + -2 + (20 - 13) + -5?
-44
What is 11 + -174 + (85 - -13)?
-65
-56 - -38 - (-2 - -27) - -4
-39
What is the value of (4 - -1) + -80 + (16 - (-2 + 19)) + 7?
-69
Calculate -49 - -37 - (2 + 14 + -2 + (-39 - -47)).
-34
What is -46 + 31 + 13 + -1 + -1 + 5?
1
What is the value of (63 - 49) + (-12 - (-30 - -7))?
25
(-15 - -4) + 5 + 2 - (62 + -74)
8
What is the value of (-1 - (-6 - -8)) + 14 + (-16 - -10 - 9)?
-4
-20 + -79 + -82 + 207
26
What is 16 + -8 + 14 + 1 + -8 + -72?
-57
-78 + 46 - (-32 - (-21 - -79))
58
What is the value of -289 + 261 - (1 + 4 + 0)?
-33
Evaluate 108 + -370 + 87 - -110.
-65
What is the value of 9 + (-3 - (-3 - 0)) + (-138 - -71) + -10?
-68
-17 - (6 + 44 + -19 + -14)
-34
Calculate (-7 - -46) + (-72 - -64).
31
Evaluate ((-6 - -9) + -9 - (-37 + 0)) + -13.
18
-12 + 1 + (-16 + -24 + 21 - -11 - -63)
44
Calculate 23 + -31 + -10 - -56 - (-2 + 5).
35
What is -8 + 1 + (66 - 8) + -9 - (-14 - -17)?
39
What is the value of -7 - (15 + -16 + (5 - 5)) - 20?
-26
Calculate -65 + -1 + (18 - -24).
-24
What is -58 - ((-1 - -4) + (-35 - (30 - 69)))?
-65
What is 105 - 114 - (1 + 48 + (0 - (-1 + 7)))?
-52
What is -38 + (-16 - 37) + 79?
-12
Calculate (-12 - -36) + (-21 - (-50 - -40)).
13
What is -130 - (-113 + 234 - 387)?
136
What is the value of 38 - (-16 + -11 + 61)?
4
What is the value of 9 - (-79 + 76 + (4 - 0) + 7)?
1
Calculate 5 + (-110 - -100 - (1 + 3 + -3)).
-6
Evaluate -1 + -93 + (-15139 - -15177).
-56
Evaluate (-6 - -9 - -5) + (28 - 18) + 18.
36
Calculate -7 + ((24 - 5) + -3 - (-11 + 30 - 31)).
21
What is the value of (-31 + -30 + 16 - -35) + 71 + (-2 - -3)?
62
Calculate -2 - 96 - (-496 + 464).
-66
-3581 + 3554 - (-52 - -1)
24
What is (12 - -35 - -72) + -81?
38
Calculate (103 + -120 - (0 - 5)) + 42.
30
What is the value of -5 - 4 - (21 + (-17 - 5) - (2 - 11))?
-17
(-504 - -523) + 32 + -2
49
Calculate (3 - (2 - 12)) + ((27 - 8) + -4 - -17).
45
Calculate -6 + 41 + 59 + -37 + (0 - 11).
46
What is (5 - (6 - 5)) + (0 - -1) + 386 + -333?
58
What is 4 + -2 + 10 + (-3 - -9 - -23) + 17?
58
What is the value of -7 - 1 - ((0 - 20) + (73 - (45 + 17)))?
1
((-4 + 2 - -5) + -5 - 0) + (1597 - 1476)
119
What is the value of 34 + (-10 - 2 - -5 - (-20 - 1))?
48
Calculate -5 + 185 + -63 + -64.
53
-64 - (26 + -24 + -15 + 22)
-73
-101 + 45 + 103 - 14
33
8 + -17 + (6 - (-3 + 8)) + 10
2
Evaluate -1 + -44 - (-27 + -28 - -34).
-24
Evaluate (9 - -2) + 4 - (-592 - -676).
-69
Evaluate -26 - -14 - 0 - 0 - -53.
41
What is -5 + (-12 - -6 - -17) + -10 + -55?
-59
-4 + 5 + (-3 - 2) - -33 - -4 - -6
39
Evaluate 30 + -31 + (-6 + -4 + 6 + 7 - 52).
-50
60 + -14 + (-33 - -10) - 149
-126
Calculate -57 - ((1 - 10 - (-26 + 15)) + (5 - 1)).
-63
Calculate -36 + 77 + -29 - 38.
-26
What is 14 + -8 + -20 - (46 - 51)?
-9
Calculate -3 - -13 - (-9 + -1 + 3 + 3) - 0.
14
-35 - (508 + -510 - (0 + (0 - -15)))
-18
89 - (-65 + 79 - -62)
13
Calculate -1 + -15 + (7 - (-16 + 17)) + -15.
-25
Calculate -5 - -9 - (-16 - (27 + -5) - -137).
-95
1422 - 1455 - (-2 - (-16 + 1))
-46
(-16 - -12 - ((-26 - (-10 - 2)) + 5)) + 126
131
Evaluate 63 + -16 + (21 - (-28 - -50)) + 3 + -3.
46
Calculate -37 + (-12 - (-8 + 4 - -15)).
-60
Calculate (-9613 - -9613) + (-2 - (2 - 4) - (28 + -2)).
-26
Evaluate (-3 - 4) + (-4711 - -4699).
-19
Calculate -88 - (19 + -43) - -35.
-29
Calculate 67 + -58 - 4 - 66.
-61
What is 8 - (6 + -12 + 20) - ((-1 - 1) + -26)?
22
What is the value of -101 + 83 - (-7 + 7 + -34 + -5)?
21
What is -224 - -231 - ((-10 - -7 - -1) + 14)?
-5
Evaluate (11 - (-10 + (29 - 20))) + -60.
-48
Calculate (1 - -1 - (-173 - -164)) + 50 - -13.
74
Calculate -56 + 138 + (-189 - -105).
-2
What is 14 - ((-23 - -4) + (26 - 68) + 31)?
44
-5 - ((-41 + 47 - (-3 + 1 - 2)) + -15)
0
Calculate 9 - (-2132 + 2144 - ((-1 - 0) + -2)).
-6
-1 + -12 - (9 - -40 - 24 - -17)
-55
Calculate -50 + (64 - (73 - 57)) - (128 + -1).
-129
Calculate 35 - (0 - 4 - (-1 + 59 + -41)).
56
(25 - (15 + -1)) + (11 - 5 - 12)
5
(-2 - (2 + 8)) + (-58 - (-34 - 75))
39
What is (-31 - 6) + (-137 - -181)?
7
Evaluate -3 + -1 - ((-5 - 0) + (-276 - -266)).
11
What is 44 + (22 - 74) + 16 + -7 + -1?
0
What is the value of 4 - (12 - (-13 + -1 + -7))?
-29
(-9 + 14 - -4) + -72 + 2 + 12
-49
-2 - (1 - 5 - (-55 + 56 + 6) - 117)
126
-5 - 0 - ((127 - 109) + -26)
3
What is the value of (2 - (-34 + 8)) + (23 - 16) + -20?
15
Calculate 8 + (-8 - (-2 + (-4 - (-11 + 14)))).
9
Evaluate -45 + (-1 - -125) + (-2 - 21).
56
Calculate 5 + (8 - 2) + -3 + -2 - (12 - 7).
1
Calculate (0 - 12) + (17 - 31 - -6) - (23 - 26).
-17
2 + -11 - (1417 + -1436)
10
What is the value of 8 + 1 + 16 + -313 + 293?
5
-88 - ((-34 + 31 - 39) + 15)
-61
What is 191 - 70 - (227 + 8)?
-114
Evaluate -18 - (17 - (3 + 12) - (-19 - -10)).
-29
Calculate 101 - ((-1 - 35) + (-170 - -198)).
109
-23 + (-11 - -104) + -51
19
Calculate 15 - (-36 + 4 + 48).
-1
Evaluate 8 - ((-12 + -79 + 6 - -12) + -3).
84
Calculate (57 - -45) + 45 + -50.
97
(-377 - -361) + (13 - (-1 + 4))
-6
Evaluate (-11 - -1) + (2 + 28 - (40 - (-39 + 59))).
0
Evaluate 108 - (-151 - (-158 - -23)).
124
W